{"id":21042,"date":"2020-09-01T08:00:43","date_gmt":"2020-09-01T06:00:43","guid":{"rendered":"https:\/\/bestbarcelona.org\/web\/?page_id=21042"},"modified":"2024-05-20T13:56:05","modified_gmt":"2024-05-20T11:56:05","slug":"bestbarcelona-ca","status":"publish","type":"page","link":"https:\/\/bestbarcelona.org\/web\/bestbarcelona-ca\/","title":{"rendered":"BEST Barcelona"},"content":{"rendered":"\t\t<div data-elementor-type=\"wp-page\" data-elementor-id=\"21042\" class=\"elementor elementor-21042\">\n\t\t\t\t\t\t<div class=\"elementor-inner\">\n\t\t\t\t<div class=\"elementor-section-wrap\">\n\t\t\t\t\t\t\t\t\t<section class=\"elementor-section elementor-top-section elementor-element elementor-element-918a6b5 elementor-section-boxed elementor-section-height-default elementor-section-height-default\" data-id=\"918a6b5\" data-element_type=\"section\">\n\t\t\t\t\t\t<div class=\"elementor-container elementor-column-gap-default\">\n\t\t\t\t\t\t\t<div class=\"elementor-row\">\n\t\t\t\t\t<div class=\"elementor-column elementor-col-100 elementor-top-column elementor-element elementor-element-2ce0e354\" data-id=\"2ce0e354\" data-element_type=\"column\">\n\t\t\t<div class=\"elementor-column-wrap elementor-element-populated\">\n\t\t\t\t\t\t\t<div class=\"elementor-widget-wrap\">\n\t\t\t\t\t\t<div class=\"elementor-element elementor-element-3e3f8f85 elementor-widget elementor-widget-text-editor\" data-id=\"3e3f8f85\" data-element_type=\"widget\" data-widget_type=\"text-editor.default\">\n\t\t\t\t<div class=\"elementor-widget-container\">\n\t\t\t\t\t\t\t\t<div class=\"elementor-text-editor elementor-clearfix\">\n\t\t\t\t<h1>BEST Barcelona<\/h1><p><img data-opt-src=\"https:\/\/mln8vywpe8we.i.optimole.com\/w:768\/h:416\/q:mauto\/f:best\/ig:avif\/https:\/\/bestbarcelona.org\/web\/wp-content\/uploads\/2020\/09\/foto-LBG.jpg\"  decoding=async data-opt-id=710320677   src=\"https:\/\/mln8vywpe8we.i.optimole.com\/w:768\/h:416\/q:mauto\/f:best\/ig:avif\/https:\/\/bestbarcelona.org\/web\/wp-content\/uploads\/2020\/09\/foto-LBG.jpg\" old-srcset=\"https:\/\/mln8vywpe8we.i.optimole.com\/w:768\/h:416\/q:mauto\/f:best\/ig:avif\/https:\/\/bestbarcelona.org\/web\/wp-content\/uploads\/2020\/09\/foto-LBG.jpg 768w, https:\/\/mln8vywpe8we.i.optimole.com\/w:300\/h:163\/q:mauto\/f:best\/ig:avif\/https:\/\/bestbarcelona.org\/web\/wp-content\/uploads\/2020\/09\/foto-LBG.jpg 300w, https:\/\/mln8vywpe8we.i.optimole.com\/w:1030\/h:558\/q:mauto\/f:best\/ig:avif\/https:\/\/bestbarcelona.org\/web\/wp-content\/uploads\/2020\/09\/foto-LBG.jpg 1030w, https:\/\/mln8vywpe8we.i.optimole.com\/w:1536\/h:833\/q:mauto\/f:best\/ig:avif\/https:\/\/bestbarcelona.org\/web\/wp-content\/uploads\/2020\/09\/foto-LBG.jpg 1536w, https:\/\/mln8vywpe8we.i.optimole.com\/w:1920\/h:1040\/q:mauto\/f:best\/ig:avif\/https:\/\/bestbarcelona.org\/web\/wp-content\/uploads\/2020\/09\/foto-LBG.jpg 2048w, https:\/\/mln8vywpe8we.i.optimole.com\/w:830\/h:450\/q:mauto\/f:best\/ig:avif\/https:\/\/bestbarcelona.org\/web\/wp-content\/uploads\/2020\/09\/foto-LBG.jpg 830w, https:\/\/mln8vywpe8we.i.optimole.com\/w:230\/h:125\/q:mauto\/f:best\/ig:avif\/https:\/\/bestbarcelona.org\/web\/wp-content\/uploads\/2020\/09\/foto-LBG.jpg 230w, https:\/\/mln8vywpe8we.i.optimole.com\/w:350\/h:190\/q:mauto\/f:best\/ig:avif\/https:\/\/bestbarcelona.org\/web\/wp-content\/uploads\/2020\/09\/foto-LBG.jpg 350w, https:\/\/mln8vywpe8we.i.optimole.com\/w:480\/h:260\/q:mauto\/f:best\/ig:avif\/https:\/\/bestbarcelona.org\/web\/wp-content\/uploads\/2020\/09\/foto-LBG.jpg 480w\" alt=\"\" width=\"768\" height=\"416\" \/><\/p><h3>Qu\u00e8 som?<\/h3><p style=\"text-align: center;\">BEST Barcelona \u00e9s una associaci\u00f3 d&#8217;estudiants de la UPC integrada en l&#8217;associaci\u00f3 internacional Board of European Students of Technology (BEST). Ambd\u00f3s van ser creats l&#8217;any 1989, convertint aix\u00ed a la UPC en una de les universitats fundadores de BEST.<\/p><p style=\"text-align: center;\">A nivell local, BEST Barcelona est\u00e0 present en totes les facultats de la UPC, i ens pots trobar als despatxos del Campus Nord i l&#8217;ETSEIB.<\/p><h3>Qu\u00e8 fem?<\/h3><p style=\"text-align: center;\">BEST Barcelona organitza cada any, com a activitat principal, un curs de formaci\u00f3 complement\u00e0ria per tal que estudiants d\u2019altres universitats de BEST puguin demanar-lo i ser acceptats per participar-hi. Tamb\u00e9 organitza altres activitats pels estudiants de la UPC, com competicions d\u2019enginyeria locals, i despr\u00e9s col\u00b7labora a les fases nacionals i europea. En aquestes competicions l\u2019estudiant pot apropar-se a l\u2019empresa amb casos pr\u00e0ctics i sortir molt enriquit en quant a formaci\u00f3 i a experi\u00e8ncia.<\/p><figure><img data-opt-src=\"https:\/\/mln8vywpe8we.i.optimole.com\/w:auto\/h:auto\/q:mauto\/f:best\/ig:avif\/https:\/\/bestbarcelona.org\/web\/wp-content\/uploads\/2020\/09\/Copia-de-WEC.png\"  decoding=async data-opt-id=1091752070   src=\"https:\/\/mln8vywpe8we.i.optimole.com\/w:auto\/h:auto\/q:mauto\/f:best\/ig:avif\/https:\/\/bestbarcelona.org\/web\/wp-content\/uploads\/2020\/09\/Copia-de-WEC.png\" alt=\"\" width=\"274\" height=\"113\" \/><\/figure><h3>La competici\u00f3 feta per i per a estudiants, m\u00e9s gran d&#8217;Europa!<\/h3><p>La Week of Engineering Competition es una setmana plena d&#8217;activitats i reptes dedicada a estudiants de la UPC<\/p><p><a id=\"wecpage\" role=\"button\" href=\"https:\/\/wec.cat\" target=\"_blank\" rel=\"noopener\"><br \/>VULL SABER-NE M\u00c9S<br \/><\/a><\/p><figure><img data-opt-src=\"https:\/\/mln8vywpe8we.i.optimole.com\/w:auto\/h:auto\/q:mauto\/f:best\/ig:avif\/https:\/\/bestbarcelona.org\/web\/wp-content\/uploads\/2020\/09\/BEST-Courses-Logo.png\"  decoding=async data-opt-id=1628794262   src=\"https:\/\/mln8vywpe8we.i.optimole.com\/w:auto\/h:auto\/q:mauto\/f:best\/ig:avif\/https:\/\/bestbarcelona.org\/web\/wp-content\/uploads\/2020\/09\/BEST-Courses-Logo.png\" alt=\"\" width=\"655\" height=\"228\" \/><\/figure><h3>Una experi\u00e8ncia \u00fanica per als estudiants de la UPC<\/h3><p>Cursos en un total de 33 pa\u00efsos europeus per aprendre, viatjar i millorar el teu angl\u00e8s, a m\u00e9s de con\u00e8ixer gent de tot arreu per menys de 50\u20ac<\/p><p><a id=\"wecpage\" role=\"button\" href=\"https:\/\/bestbarcelona.org\/web\/courses-ca\/\" target=\"_blank\" rel=\"noopener\"><br \/>ACCEDEIX<br \/><\/a><\/p><h3>Qui som?<\/h3><h3>La Junta Directiva i el Consell Executiu<\/h3><h3>A la UPC des de 1989<\/h3><p><b>246 <\/b>Alumni<br \/><b> 14 <\/b>Membres locals<\/p><p>Darrera actualitzaci\u00f3: Assemblea General Local de maig del 2024.<\/p>\t\t\t\t\t<\/div>\n\t\t\t\t\t\t<\/div>\n\t\t\t\t<\/div>\n\t\t\t\t\t\t<\/div>\n\t\t\t\t\t<\/div>\n\t\t<\/div>\n\t\t\t\t\t\t\t\t<\/div>\n\t\t\t\t\t<\/div>\n\t\t<\/section>\n\t\t\t\t\t\t\t\t\t<\/div>\n\t\t\t<\/div>\n\t\t\t\t\t<\/div>\n\t\t","protected":false},"excerpt":{"rendered":"<p>BEST Barcelona Qu\u00e8 som? BEST Barcelona \u00e9s una associaci\u00f3 d&#8217;estudiants de la UPC integrada en l&#8217;associaci\u00f3 internacional Board of European Students of&hellip;<\/p>\n","protected":false},"author":21743,"featured_media":0,"parent":0,"menu_order":0,"comment_status":"closed","ping_status":"closed","template":"","meta":[],"_links":{"self":[{"href":"https:\/\/bestbarcelona.org\/web\/wp-json\/wp\/v2\/pages\/21042"}],"collection":[{"href":"https:\/\/bestbarcelona.org\/web\/wp-json\/wp\/v2\/pages"}],"about":[{"href":"https:\/\/bestbarcelona.org\/web\/wp-json\/wp\/v2\/types\/page"}],"author":[{"embeddable":true,"href":"https:\/\/bestbarcelona.org\/web\/wp-json\/wp\/v2\/users\/21743"}],"replies":[{"embeddable":true,"href":"https:\/\/bestbarcelona.org\/web\/wp-json\/wp\/v2\/comments?post=21042"}],"version-history":[{"count":25,"href":"https:\/\/bestbarcelona.org\/web\/wp-json\/wp\/v2\/pages\/21042\/revisions"}],"predecessor-version":[{"id":22023,"href":"https:\/\/bestbarcelona.org\/web\/wp-json\/wp\/v2\/pages\/21042\/revisions\/22023"}],"wp:attachment":[{"href":"https:\/\/bestbarcelona.org\/web\/wp-json\/wp\/v2\/media?parent=21042"}],"curies":[{"name":"wp","href":"https:\/\/api.w.org\/{rel}","templated":true}]}}